1 composite?
False
Is 553543 a prime number?
True
Is 37171 a composite number?
False
Is 3711 composite?
True
Is 519301 a composite number?
False
Is 19373 composite?
False
Is 162251 a composite number?
False
Is 833881 composite?
True
Is 5113 composite?
False
Is 8563 a prime number?
True
Is 3449 prime?
True
Is 27119 a prime number?
False
Is 4097 a prime number?
False
Is 46439 prime?
True
Is 189929 prime?
True
Is 13535 a composite number?
True
Is 20621 composite?
True
Is 143383 prime?
False
Is 106423 prime?
False
Is 25967 a prime number?
False
Is 349097 prime?
False
Is 896879 a composite number?
False
Is 8623 a prime number?
True
Is 2767 composite?
False
Is 73049 a composite number?
True
Is 654809 a composite number?
True
Is 86789 prime?
False
Is 965 composite?
True
Is 181657 a composite number?
True
Is 102293 a composite number?
False
Is 54461 a prime number?
False
Is 67699 prime?
True
Is 75589 a composite number?
True
Is 57763 prime?
False
Is 186841 prime?
True
Is 91673 prime?
True
Is 1369421 prime?
False
Is 29167 a composite number?
False
Is 24277 a prime number?
False
Is 616709 a composite number?
True
Is 7633 prime?
False
Is 16673 prime?
True
Is 610891 a prime number?
True
Is 17461 a prime number?
False
Is 37667 prime?
False
Is 31567 a prime number?
True
Is 22199 prime?
False
Is 285058 a composite number?
True
Is 8419 a prime number?
True
Is 4569 a prime number?
False
Is 19139 a prime number?
True
Is 499371 composite?
True
Is 185 composite?
True
Is 16431 prime?
False
Is 13303 a prime number?
False
Is 2054089 prime?
True
Is 447509 composite?
False
Is 38891 composite?
False
Is 48289 prime?
False
Is 259907 prime?
True
Is 102137 composite?
True
Is 974 a prime number?
False
Is 269935 prime?
False
Is 1949 composite?
False
Is 38593 prime?
True
Is 1399 prime?
True
Is 316877 prime?
False
Is 532043 a prime number?
False
Is 44753 a prime number?
True
Is 419 a prime number?
True
Is 294947 prime?
True
Is 3329879 composite?
True
Is 60893 prime?
False
Is 1020295 prime?
False
Is 313571 a composite number?
False
Is 234007 prime?
True
Is 3989 a composite number?
False
Is 54751 composite?
False
Is 2531 composite?
False
Is 2602189 a composite number?
False
Is 68171 a composite number?
False
Is 33433 a prime number?
False
Is 25247 composite?
False
Is 1797407 a prime number?
True
Is 117203 prime?
True
Is 267373 composite?
False
Is 23434 composite?
True
Is 1847 a composite number?
False
Is 924467 a prime number?
False
Is 405157 composite?
False
Is 16241 prime?
False
Is 71741 prime?
True
Is 8422 a prime number?
False
Is 7814 a prime number?
False
Is 10079 prime?
True
Is 1957 a prime number?
False
Is 8491 composite?
True
Is 3847 prime?
True
Is 18671 composite?
False
Is 2353 a prime number?
False
Is 79181 composite?
False
Is 439 prime?
True
Is 22891 a composite number?
True
Is 3037 prime?
True
Is 117641 prime?
False
Is 100831 a composite number?
True
Is 4783 a prime number?
True
Is 2767 a composite number?
False
Is 24391 a prime number?
True
Is 128779 a composite number?
True
Is 64445 a prime number?
False
Is 4513 a prime number?
True
Is 270958 prime?
False
Is 1095455 composite?
True
Is 5807 composite?
False
Is 69209 prime?
False
Is 33457 a composite number?
False
Is 522469 a composite number?
False
Is 8159 composite?
True
Is 618941 prime?
True
Is 415603 a prime number?
True
Is 75703 a composite number?
False
Is 468121 prime?
True
Is 396029 a prime number?
True
Is 46019 composite?
True
Is 7697 prime?
False
Is 311509 a prime number?
False
Is 528373 a prime number?
True
Is 8209 a prime number?
True
Is 533753 composite?
True
Is 2237 prime?
True
Is 249911 composite?
False
Is 1535 composite?
True
Is 23285 a prime number?
False
Is 83279 prime?
False
Is 392759 a composite number?
False
Is 2773 a prime number?
False
Is 99967 composite?
True
Is 13397 prime?
True
Is 111407 a prime number?
False
Is 27323 a prime number?
False
Is 9377 a prime number?
True
Is 22807 prime?
True
Is 35 a composite number?
True
Is 45439 prime?
True
Is 729139 composite?
False
Is 21083 a prime number?
False
Is 243589 a composite number?
False
Is 795853 a prime number?
False
Is 55795 composite?
True
Is 40101 prime?
False
Is 14281 a prime number?
True
Is 68597 composite?
False
Is 2671 composite?
False
Is 3949 prime?
False
Is 18053 prime?
False
Is 3793 prime?
True
Is 81109 a composite number?
True
Is 52379 prime?
True
Is 889715 a composite number?
True
Is 30839 prime?
True
Is 2741 a prime number?
True
Is 293 a prime number?
True
Is 20074 a prime number?
False
Is 145627 prime?
False
Is 10099 a composite number?
False
Is 9989 prime?
False
Is 13453 composite?
True
Is 49683 a prime number?
False
Is 15697 a composite number?
True
Is 24217 a prime number?
False
Is 27611 a composite number?
False
Is 541339 composite?
False
Is 292079 prime?
True
Is 9329 a composite number?
True
Is 2369023 a prime number?
False
Is 13997 a composite number?
False
Is 16277 a composite number?
True
Is 767203 prime?
True
Is 2773 prime?
False
Is 5079 a prime number?
False
Is 144389 a prime number?
False
Is 134049 composite?
True
Is 745 a prime number?
False
Is 233113 a prime number?
True
Is 1051103 prime?
False
Is 9311 composite?
False
Is 88279 prime?
False
Is 1005029 a composite number?
False
Is 939259 a prime number?
False
Is 33401 composite?
True
Is 2463 prime?
False
Is 1363703 composite?
True
Is 4711 composite?
True
Is 2302 a prime number?
False
Is 181019 a prime number?
True
Is 13649 a prime number?
True
Is 224603 prime?
True
Is 186551 composite?
False
Is 189593 prime?
True
Is 72809 prime?
False
Is 27217 a composite number?
True
Is 631 composite?
False
Is 8641 composite?
False
Is 32713 prime?
True
Is 101653 a composite number?
False
Is 767 a composite number?
True
Is 5951 composite?
True
Is 1160157 a prime number?
False
Is 188633 composite?
False
Is 89459 composite?
False
Is 29741 a prime number?
True
Is 303983 prime?
True
Is 5707 a composite number?
True
Is 1147774 prime?
False
Is 3543 prime?
False
Is 10589 a prime number?
True
Is 57829 a composite number?
False
Is 450629 a composite number?
True
Is 146977 prime?
True
Is 1823443 a prime number?
True
Is 483263 a prime number?
False
Is 2173961 a prime number?
False
Is 405601 composite?
True
Is 6421 a prime number?
True
Is 61823 a prime number?
False
Is 64549 prime?
False
Is 13577 a composite number?
False
Is 2501 prime?
False
Is 24559 a prime number?
False
Is 1289393 composite?
True
Is 64115 composite?
True
Is 97007 prime?
True
Is 10487 composite?
False
Is 29119 composite?
True
Is 3833 a prime number?
True
Is 280391 a prime number?
False
Is 1217 a prime number?
True
Is 60823 a prime number?
False
Is 3309247 a prime number?
True
Is 2771 a composite number?
True
Is 282767 composite?
False
Is 924073 a composite number?
False
Is 553 a prime number?
False
Is 7283 prime?
True
Is 1336781 a composite number?
False
Is 689891 composite?
False
Is 39011 prime?
False
Is 280171 a composite number?
True
Is 305 composite?
True
Is 18409 a composite number?
True
Is 19473 a composite number?
True
Is 18703 prime?
False
Is 50449 a composite number?
True
Is 779641 composite?
True
Is 29123 prime?
True
Is 30389 prime?
True
Is 51257 a prime number?
True
Is 19253 composite?
True
Is 29527 composite?
False
Is 2450207 prime?
True
Is 21237 composite?
True
Is 118609 a composite number?
True
Is 1325083 a prime number?
True
Is 97683 composite?
True
Is 48379 prime?
False
Is 27841 prime?
False
Is 3643 prime?
True
Is 29467 composite?
True
Is 34753 a composite number?
True
Is 1012097 prime?
True
Is 9239 composite?
False
Is 83801 prime?
False
Is 2099 a prime number?
True
Is 21403 a prime number?
False
Is 53923 a composite number?
False
Is 22769 a prime number?
True
Is 79757 a composite number?
False
Is 73939 a composite number?
False
Is 10211 a composite number?
False
Is 75079 a composite number?
False
Is 12223 composite?
True
Is 1693 a prime number?
True
Is 6653 a composite number?
False
Is 751 composite?
False
Is 75281 a composite number?
True
Is 50989 prime?
True
Is 138793 a composite number?
False
Is 170039 composite?
True
Is 43661 a prime number?
True
Is 345041 composite?
False
Is 106481 a composite number?
True
Is 78479 a prime number?
True
Is 182261 composite?
False
Is 118267 composite?
True
Is 717 a prime 